inder when (-47 - -15)/((-2)/j) is divided by 27?
26
What is the remainder when 35*(-1 - 14/(-7)) is divided by 12?
11
Let v = -32 - -49. Suppose -2*i - 2 = 0, 7*y - 2*y - i = -14. What is the remainder when v is divided by (1/y)/(6/(-180))?
7
Suppose 7*w + 75 = 313. What is the remainder when w is divided by 2*2/((-20)/(-45))?
7
Let h = -3 + 8. Suppose -h*o + 44 + 16 = 0. Suppose -l + 3*l = o. What is the remainder when l is divided by 4?
2
Let n(l) = -2*l**3 - 7*l + 1. Suppose 5*w - 6 = 2*w. Let q = w - -24. Calculate the remainder when n(-3) is divided by q.
24
Let k = -16 + 50. Let s = 42 - k. Calculate the remainder when 11 is divided by s.
3
Calculate the remainder when (1458/(-189))/((-2)/14) is divided by 15.
9
Let f = 192 - 187. Suppose 0*w = -3*h + 5*w + 77, -3*h + 4*w = -73. Calculate the remainder when h is divided by f.
4
Let i be (-3)/6 - (-44)/8. Suppose -2*c - 17 = -3*c. What is the remainder when (3 - i)/((-2)/48) is divided by c?
14
Let v be ((-6)/2)/(6/(-20)). Suppose 13*z = v*z - 21. Let k(o) = o**3 + 9*o**2 + 11*o + 7. Calculate the remainder when k(z) is divided by 10.
8
Let f(q) = -q - 24. Let o be f(-23). Suppose -5 = 4*z - 1. What is the remainder when z - (3 + 25*o) is divided by 8?
5
Let k(p) = -p**3 + 5*p**2 - p - 4. Let b be k(3). Suppose -b - 17 = -2*i. Let y = -93 - -120. Calculate the remainder when y is divided by i.
13
Let a(g) = 3*g - 18. Suppose -5*d - i = -67, 65 = 4*d - 0*d - 3*i. What is the remainder when a(d) is divided by 13?
11
Let x(o) = 5*o - 176. What is the remainder when 42 is divided by x(37)?
6
What is the remainder when (2/6)/((-7)/(-2877)) is divided by 10?
7
Suppose 2*b = 1 + 3. Suppose -3*x + 146 = -n, -10 + 0 = b*n. Let c = -20 + x. Calculate the remainder when c is divided by 14.
13
What is the remainder when (-77574)/(-462) + (-2)/(-22) is divided by 1?
0
Let y(j) = -11*j**2 - 21*j - 27. Let n(p) = -7*p**2 - 14*p - 18. Let c(l) = 8*n(l) - 5*y(l). Calculate the remainder when 4 is divided by c(-5).
0
Let t be (2/(-4) - -1)/(27/(-162)). What is the remainder when (134/t)/((-8)/12) is divided by 14?
11
Let g be -4 - (3 - 15)/(1/2). Suppose -3 = -o - 4*l + 5*l, -g = -4*l. Calculate the remainder when o is divided by 5.
3
Suppose -5*k + 3*k = -4. Suppose -n - k*n = l - 282, -4*n + 4*l = -376. Calculate the remainder when n is divided by 19.
18
Let w(g) = -g**3 + 2*g**2 - g + 6. What is the remainder when w(-2) is divided by 3?
0
Let c(k) = 10*k - 1. Let l be c(3). Suppose -f + 8 = f. Suppose -3*q + l = 2*x, 9 = 3*x + f*q - 32. What is the remainder when 18 is divided by x?
4
Let l be 18/(-6) - (-1 + -2). Let i(h) = h**3 + 2*h**2 + h + 73. What is the remainder when i(l) is divided by 15?
13
Let a(y) = -y + 7. Let f = -1 + -1. Let l be (-6)/(-3) + f/(-1). Calculate the remainder when a(l) is divided by 2.
1
Calculate the remainder when 82 - (1 + 0)*(-23 - -24) is divided by 14.
11
Suppose 71*d = 36*d + 1680. Calculate the remainder when 54 is divided by d.
6
Suppose -6*u = -u - 40. Let s(y) be the third derivative of -y**6/120 + y**5/10 + y**4/3 - 2*y**3/3 - 8*y**2. What is the remainder when u is divided by s(7)?
2
Let l(q) = 4*q - 95. Calculate the remainder when 66 is divided by l(30).
16
Suppose 3*f + 10 = 64. Suppose -2*l + 6 = 0, 4*y + 4 = -5*l + 27. Suppose 3*u + y*u - 20 = 0. What is the remainder when f is divided by u?
2
Let w be 3/(2/(-8) + (-14)/(-24)). Suppose -v + w*v - 128 = 0. Calculate the remainder when 57 is divided by v.
9
Suppose 0 = 18*z - 15*z - 162. Calculate the remainder when z is divided by 14.
12
Let u = -12 + -2. Let k = 24 + u. What is the remainder when 19 is divided by k?
9
Suppose 0 = 11*o + 3*o - 84. Calculate the remainder when 32 is divided by o.
2
Let f(i) = i**3 - 15*i**2 - 22*i + 21. Let m be f(16). Let a = -67 - m. What is the remainder when 87 is divided by a?
7
Suppose -5*c = -w - 3*w - 8, -2*c = -w - 5. Suppose 4*b - 196 - 240 = c*y, -97 = -b - 5*y. Let t = b + -76. Calculate the remainder when t is divided by 11.
9
Let c(x) = -x**2 + 8*x - 6. Let i be c(5). Suppose -i = -5*l + 6. Suppose -3*s = s + l*n - 47, -5*n = 3*s - 27. Calculate the remainder when 27 is divided by s.
13
Let w = 165 - 149. What is the remainder when 95 is divided by w?
15
Suppose 2*i - 53 = 5*z + 549, 610 = 2*i - 3*z. Let w = -7 - -11. Suppose -x = -4*c - 4*x + i, w*x - 316 = -4*c. Calculate the remainder when c is divided by 25.
24
Suppose i = -t + 117 - 24, -263 = -3*i + 5*t. Let g = 155 - i. Suppose 2*a - 3*o - 32 = 0, -2*o = 2*o - 16. What is the remainder when g is divided by a?
20
Let n(u) = -u**3 + 5*u**2 + 8*u - 15. Let r(c) = 11*c - 1. Let h be r(3). Let q = h + -18. Calculate the remainder when n(3) is divided by q.
13
Let p = -2 - -22. What is the remainder when ((6 - -13)/19)/(1/178) is divided by p?
18
Let j(b) = 2*b**2 - 10*b + 14. Let q = -40 - -48. What is the remainder when j(q) is divided by 13?
10
Suppose i - 13*v = -17*v + 55, -3*v = 2*i - 110. What is the remainder when i is divided by 29?
26
What is the remainder when (7/3)/((-2)/(-84)) is divided by (-84)/(-8) + ((-55)/10 - -6)?
10
Let y = 94 + 4. Suppose -3*g + y - 5 = 0. What is the remainder when g is divided by 17?
14
Let q be 12*-1*(-3)/(-2). Let s = -28 - q. Let t = s - -18. What is the remainder when 10 is divided by t?
2
Let z = 123 - -2. What is the remainder when z is divided by 42?
41
Suppose 3*m - 131 = -5*y, 4*m - 200 = 5*y + 33. Suppose -g + 104 = 4*s, -2*s - g = -6*g - m. What is the remainder when s - -4*(-4)/16 is divided by 14?
11
Let l = 5 - -5. What is the remainder when (-77)/(-4) + 2/(-8) is divided by l?
9
Let q(a) = a**3 - 5*a**2 + 19. Calculate the remainder when 132 is divided by q(6).
22
Suppose -4*z - 8 = -72. Suppose 4*t - 12 + 0 = 0. Calculate the remainder when (-2 - (-67)/t)*3 is divided by z.
13
Suppose -3*i = 5*a, -2*a - i + 10 = 3*a. Calculate the remainder when 3 is divided by a.
0
Let s(x) = -2*x**3 + 37*x**2 - 17*x - 1. Calculate the remainder when 64 is divided by s(18).
13
Suppose 0 = 28*u - 29*u + 85. What is the remainder when 506 is divided by u?
81
Let m = 6 - 23. Let i = m + 50. Let k = -20 + i. Calculate the remainder when 37 is divided by k.
11
Let u(z) = -z**2 - 9*z - 9. Let l be u(-7). Suppose -l*r + 624 - 199 = 0. Let c(x) = 8*x**2 + 30*x - 6. What is the remainder when r is divided by c(-5)?
41
Let r be 4/(-4) + 7 + -3. Suppose 3*u = u - x - r, -3*x - 9 = 0. Suppose -q = k + k - 5, 4*q + k - 20 = u. Calculate the remainder when 13 is divided by q.
3
Let a(l) = l**2 + l. Let g(h) = -16*h**2 - 2*h - 1. Let v(k) = -4*a(k) - g(k). What is the remainder when v(2) is divided by 12?
9
Suppose 4617 = -8*b + 5353. What is the remainder when b is divided by 50?
42
Let l(m) = -m**3 + 9*m**2 - 2*m + 22. Let r be 36/162 + (-220)/18. Calculate the remainder when 3*4*r/(-16) is divided by l(9).
1
Let g(a) = -25 - 40 - 13 + 6*a + 21. What is the remainder when 26 is divided by g(11)?
8
Let g(r) = r**3 - 7*r**2 - 5*r - 8. Suppose -h = 2*d - 60, 130 = 3*h + 3*d - 47. Suppose s = 2 + h. Calculate the remainder when s is divided by g(8).
12
Suppose 0 = -n + 42 - 0. Suppose 8 + n = 5*d. What is the remainder when 37 is divided by d?
7
Suppose -2*f - 4*u = -68, 134 = 5*f + 4*u - 6*u. Suppose -4*j - 47 = -5*k + f, -5*k - 3*j + 40 = 0. Calculate the remainder when 20 is divided by k.
9
Suppose -10*o + 144 + 16 = 0. Calculate the remainder when o is divided by (-4 - -1)*(-2)/1.
4
Let q = -3 + 7. Let r = -17 - -27. Let m = -8 + r. Calculate the remainder when q is divided by m.
0
Suppose 11 + 7 = 2*p + 4*n, -3*n = 5*p - 31. Suppose -34 = -l - p*t, -3*l + 55 + 30 = -2*t. Calculate the remainder when l is divided by 10.
9
Let l(t) = t**2 - 25*t + 12. Let w(m) = 8*m - 4. Let v(j) = 2*l(j) + 7*w(j). What is the remainder when 46 is divided by v(-5)?
14
Suppose -h = -20 - 34. Let y(s) = 6*s - 3. What is the remainder when h is divided by y(3)?
9
Let k(v) = -2*v**3 + 4*v**2 + 7*v - 2. Let a be k(3). Suppose 4*f = -a + 17. What is the remainder when 15 is divided by f?
3
Let r(j) = -5*j - 13 - j + 4 - 24. What is the remainder when 125 is divided by r(-11)?
26
Suppose -2*m - 3*x = -0*m - 18, 2*x - 2 = 2*m. Let y = -32 + 51. Suppose -4*z - y + 55 = 0. What is the remainder when z is d